ime factors of 1382?
2, 691
List the prime factors of 9759.
3, 3253
List the prime factors of 61458.
2, 3, 10243
What are the prime factors of 44673?
3, 14891
What are the prime factors of 151868?
2, 37967
What are the prime factors of 2034?
2, 3, 113
List the prime factors of 15606.
2, 3, 17
List the prime factors of 7370.
2, 5, 11, 67
List the prime factors of 109.
109
What are the prime factors of 5304?
2, 3, 13, 17
What are the prime factors of 36654?
2, 3, 41, 149
What are the prime factors of 33392?
2, 2087
What are the prime factors of 4719?
3, 11, 13
What are the prime factors of 4620?
2, 3, 5, 7, 11
What are the prime factors of 1296?
2, 3
List the prime factors of 2344.
2, 293
List the prime factors of 2398.
2, 11, 109
What are the prime factors of 37576?
2, 7, 11, 61
List the prime factors of 916.
2, 229
What are the prime factors of 13383?
3, 1487
What are the prime factors of 155574?
2, 3, 43, 67
What are the prime factors of 88906?
2, 44453
What are the prime factors of 54072?
2, 3, 751
List the prime factors of 2099.
2099
What are the prime factors of 886?
2, 443
List the prime factors of 28818.
2, 3, 1601
List the prime factors of 12382.
2, 41, 151
What are the prime factors of 135010?
2, 5, 23, 587
What are the prime factors of 355?
5, 71
List the prime factors of 4193.
7, 599
What are the prime factors of 65581?
65581
List the prime factors of 1284.
2, 3, 107
List the prime factors of 1882.
2, 941
What are the prime factors of 802?
2, 401
What are the prime factors of 4408?
2, 19, 29
What are the prime factors of 17716?
2, 43, 103
List the prime factors of 6661.
6661
What are the prime factors of 1236?
2, 3, 103
List the prime factors of 2822.
2, 17, 83
What are the prime factors of 2740?
2, 5, 137
What are the prime factors of 19305?
3, 5, 11, 13
What are the prime factors of 30411?
3, 31, 109
List the prime factors of 1623.
3, 541
What are the prime factors of 2682?
2, 3, 149
List the prime factors of 13708.
2, 23, 149
List the prime factors of 52298.
2, 79, 331
List the prime factors of 1073.
29, 37
List the prime factors of 588.
2, 3, 7
What are the prime factors of 32256?
2, 3, 7
List the prime factors of 14046.
2, 3, 2341
What are the prime factors of 4343?
43, 101
List the prime factors of 3006.
2, 3, 167
List the prime factors of 46661.
29, 1609
What are the prime factors of 2962?
2, 1481
List the prime factors of 691.
691
What are the prime factors of 6694?
2, 3347
List the prime factors of 43615.
5, 11, 13, 61
List the prime factors of 50786.
2, 67, 379
List the prime factors of 614.
2, 307
What are the prime factors of 60556?
2, 15139
What are the prime factors of 49905?
3, 5, 1109
List the prime factors of 7787.
13, 599
What are the prime factors of 2539?
2539
List the prime factors of 13719.
3, 17, 269
What are the prime factors of 51826?
2, 25913
What are the prime factors of 17160?
2, 3, 5, 11, 13
What are the prime factors of 18340?
2, 5, 7, 131
What are the prime factors of 3234?
2, 3, 7, 11
List the prime factors of 512.
2
What are the prime factors of 36583?
36583
What are the prime factors of 3606?
2, 3, 601
What are the prime factors of 48925?
5, 19, 103
List the prime factors of 82215.
3, 5, 7, 29
List the prime factors of 42894.
2, 3, 2383
List the prime factors of 363.
3, 11
What are the prime factors of 18417?
3, 7, 877
List the prime factors of 3873.
3, 1291
What are the prime factors of 316?
2, 79
List the prime factors of 13077.
3, 1453
List the prime factors of 1754.
2, 877
What are the prime factors of 2289?
3, 7, 109
What are the prime factors of 51?
3, 17
List the prime factors of 505.
5, 101
List the prime factors of 243.
3
List the prime factors of 21390.
2, 3, 5, 23, 31
What are the prime factors of 493?
17, 29
What are the prime factors of 20823?
3, 11, 631
List the prime factors of 3491.
3491
List the prime factors of 45595.
5, 11, 829
List the prime factors of 120939.
3, 7, 13, 443
What are the prime factors of 1752?
2, 3, 73
List the prime factors of 31149.
3, 3461
List the prime factors of 1054.
2, 17, 31
What are the prime factors of 56189?
7, 23, 349
What are the prime factors of 4927?
13, 379
List the prime factors of 68.
2, 17
List the prime factors of 12777.
3, 4259
What are the prime factors of 18969?
3, 6323
List the prime factors of 151056.
2, 3, 1049
List the prime factors of 4889.
4889
List the prime factors of 1068.
2, 3, 89
What are the prime factors of 611?
13, 47
List the prime factors of 11.
11
What are the prime factors of 1027?
13, 79
What are the prime factors of 5999?
7, 857
List the prime factors of 572.
2, 11, 13
What are the prime factors of 268?
2, 67
List the prime factors of 2849.
7, 11, 37
What are the prime factors of 10663?
10663
List the prime factors of 33009.
3, 11003
List the prime factors of 855.
3, 5, 19
What are the prime factors of 62506?
2, 31253
What are the prime factors of 1591?
37, 43
List the prime factors of 587.
587
List the prime factors of 120.
2, 3, 5
What are the prime factors of 432?
2, 3
What are the prime factors of 29029?
7, 11, 13, 29
List the prime factors of 21548.
2, 5387
List the prime factors of 37770.
2, 3, 5, 1259
What are the prime factors of 304?
2, 19
What are the prime factors of 93425?
5, 37, 101
List the prime factors of 777.
3, 7, 37
What are the prime factors of 27640?
2, 5, 691
List the prime factors of 10136.
2, 7, 181
List the prime factors of 112319.
17, 6607
List the prime factors of 61039.
11, 31, 179
What are the prime factors of 2689?
2689
List the prime factors of 2761.
11, 251
List the prime factors of 1218.
2, 3, 7, 29
List the prime factors of 42.
2, 3, 7
List the prime factors of 149967.
3, 19, 877
What are the prime factors of 480?
2, 3, 5
List the prime factors of 4315.
5, 863
What are the prime factors of 2098?
2, 1049
List the prime factors of 734.
2, 367
What are the prime factors of 6218?
2, 3109
List the prime factors of 1008.
2, 3, 7
What are the prime factors of 260?
2, 5, 13
What are the prime factors of 29543?
31, 953
What are the prime factors of 108077?
23, 37, 127
What are the prime factors of 44515?
5, 29, 307
What are the prime factors of 19379?
19379
What are the prime factors of 641?
641
List the prime factors of 3168.
2, 3, 11
What are the prime factors of 1121?
19, 59
List the prime factors of 3726.
2, 3, 23
List the prime factors of 22.
2, 11
List the prime factors of 148.
2, 37
List the prime factors of 17712.
2, 3, 41
List the prime factors of 6540.
2, 3, 5, 109
What are the prime factors of 8144?
2, 509
List the prime factors of 110577.
3, 29, 31, 41
What are the prime factors of 1620?
2, 3, 5
List the prime factors of 3302.
2, 13, 127
What are the prime factors of 17777?
29, 613
List the prime factors of 613.
613
What are the prime factors of 562?
2, 281
List the prime factors of 18229.
18229
List the prime factors of 8057.
7, 1151
List the prime factors of 2986.
2, 1493
What are the prime factors of 1126?
2, 563
What are the prime factors of 121841?
37, 89
What are the prime factors of 363?
3, 11
What are the prime factors of 2858?
2, 1429
List the prime factors of 169327.
169327
List the prime factors of 1612.
2, 13, 31
What are the prime factors of 76393?
79, 967
What are the prime factors of 5729?
17, 337
What are the prime factors of 546?
2, 3, 7, 13
List the prime factors of 1826.
2, 11, 83
List the prime factors of 785.
5, 157
List the prime factors of 3200.
2, 5
List the prime factors of 15278.
2, 7639
What are the prime factors of 66365?
5, 13, 1021
List the prime factors of 2057.
11, 17
What are the prime factors of 5599?
11, 509
List the prime factors of 81064.
2, 10133
What are the prime factors of 1500?
2, 3, 5
What are the prime factors of 8796?
2, 3, 733
List the prime factors of 5842.
2, 23, 127
List the prime factors of 15884.
2, 11, 19
What are the prime factors of 2630?
2, 5, 263
What are the prime factors of 7325?
5, 293
What are the prime factors of 11057?
11057
List the prime factors of 26860.
2, 5, 17, 79
List the prime factors of 2096.
2, 131
List the prime factors of 1688.
2, 211
What are the prime factors of 70958?
2, 17, 2087
What are the prime factors of 2830?
2, 5, 283
What are the prime factors of 1232?
2, 7, 11
List the prime factors of 3446.
2, 1